t common divisor of 555 and 15.
15
What is the greatest common factor of 144 and 336?
48
Calculate the highest common divisor of 174 and 203.
29
What is the highest common divisor of 225 and 5550?
75
Calculate the highest common factor of 405 and 81.
81
What is the greatest common factor of 42 and 378?
42
What is the highest common divisor of 1323 and 735?
147
What is the greatest common divisor of 81 and 729?
81
What is the greatest common factor of 760 and 20?
20
Calculate the highest common divisor of 26 and 1027.
13
Calculate the greatest common factor of 60 and 630.
30
Calculate the highest common divisor of 3146 and 26.
26
Calculate the greatest common factor of 655 and 40.
5
What is the highest common divisor of 2205 and 225?
45
Calculate the highest common factor of 2601 and 7956.
153
What is the greatest common divisor of 76 and 16?
4
Calculate the greatest common factor of 89552 and 928.
464
Calculate the greatest common factor of 1654 and 2.
2
What is the highest common factor of 144 and 63?
9
Calculate the greatest common factor of 82 and 2.
2
What is the greatest common factor of 3953 and 118?
59
What is the highest common divisor of 60 and 5540?
20
Calculate the highest common factor of 3036 and 207.
69
Calculate the highest common factor of 224 and 80.
16
What is the highest common factor of 403 and 26?
13
Calculate the greatest common factor of 35 and 101395.
35
Calculate the greatest common factor of 174 and 24.
6
What is the highest common factor of 1276 and 116?
116
What is the greatest common factor of 165 and 363?
33
What is the highest common divisor of 27482 and 182?
182
What is the greatest common divisor of 48 and 944?
16
Calculate the highest common factor of 815 and 5.
5
Calculate the highest common divisor of 781 and 22.
11
What is the greatest common divisor of 1323 and 16065?
189
Calculate the greatest common divisor of 26 and 9217.
13
What is the greatest common factor of 754 and 8?
2
What is the greatest common divisor of 152 and 1577?
19
What is the greatest common divisor of 1504 and 94?
94
What is the highest common divisor of 46500 and 155?
155
Calculate the highest common divisor of 2922 and 42.
6
What is the highest common divisor of 555 and 296?
37
What is the highest common divisor of 297 and 66?
33
Calculate the greatest common divisor of 259 and 444.
37
Calculate the highest common divisor of 56 and 14.
14
What is the highest common divisor of 114 and 6?
6
What is the highest common divisor of 902 and 44?
22
What is the highest common divisor of 157 and 1413?
157
Calculate the highest common divisor of 10 and 250.
10
What is the highest common factor of 50 and 1125?
25
Calculate the greatest common divisor of 224 and 4522.
14
Calculate the highest common factor of 455 and 3913.
91
What is the highest common factor of 1332 and 576?
36
Calculate the greatest common divisor of 102 and 48.
6
What is the highest common factor of 4280 and 16?
8
Calculate the greatest common divisor of 310 and 50.
10
What is the greatest common factor of 35 and 28?
7
Calculate the highest common factor of 60 and 195.
15
What is the highest common divisor of 1195 and 20?
5
What is the highest common divisor of 3312 and 6?
6
What is the highest common factor of 13 and 2288?
13
What is the highest common factor of 198 and 55?
11
What is the highest common factor of 13197 and 498?
249
What is the highest common divisor of 9 and 333?
9
Calculate the greatest common factor of 33 and 671.
11
What is the highest common factor of 14 and 994?
14
What is the highest common factor of 75 and 10?
5
Calculate the highest common factor of 28 and 20.
4
What is the greatest common divisor of 1280 and 120?
40
Calculate the highest common divisor of 1682 and 2.
2
What is the greatest common factor of 357 and 399?
21
What is the highest common factor of 1183 and 845?
169
Calculate the greatest common divisor of 4450 and 20.
10
Calculate the highest common divisor of 1062 and 118.
118
What is the greatest common factor of 1 and 23?
1
What is the highest common divisor of 7 and 72?
1
What is the highest common divisor of 6 and 123?
3
Calculate the highest common divisor of 224 and 2562.
14
What is the greatest common divisor of 1200 and 7920?
240
What is the highest common factor of 124 and 11377?
31
What is the greatest common factor of 108 and 102?
6
What is the greatest common factor of 11397 and 87?
87
Calculate the highest common divisor of 97 and 48597.
97
What is the greatest common factor of 7 and 21?
7
Calculate the highest common divisor of 236 and 295.
59
What is the highest common factor of 75 and 5265?
15
Calculate the greatest common factor of 671 and 88.
11
What is the greatest common divisor of 38 and 133?
19
What is the highest common divisor of 5005 and 104?
13
What is the highest common divisor of 36068 and 762?
254
Calculate the greatest common factor of 40 and 130.
10
Calculate the highest common divisor of 4031 and 139.
139
Calculate the greatest common factor of 64 and 8000.
64
Calculate the greatest common factor of 20 and 930.
10
Calculate the highest common divisor of 5 and 55.
5
What is the greatest common divisor of 185 and 1628?
37
What is the highest common factor of 192 and 784?
16
Calculate the greatest common factor of 25 and 132425.
25
Calculate the highest common factor of 15 and 25.
5
Calculate the highest common factor of 183 and 122.
61
Calculate the greatest common factor of 77 and 4774.
77
Calculate the highest common factor of 210 and 672.
42
Calculate the highest common divisor of 182 and 416.
26
Calculate the highest common factor of 416 and 2236.
52
What is the highest common divisor of 208 and 16?
16
Calculate the highest common factor of 1760 and 24.
8
What is the highest common divisor of 2442 and 185?
37
Calculate the highest common factor of 588 and 420.
84
Calculate the greatest common factor of 1 and 97.
1
Calculate the greatest common divisor of 60 and 3580.
20
What is the highest common factor of 19722 and 456?
114
Calculate the greatest common divisor of 22 and 33.
11
What is the greatest common factor of 68 and 3213?
17
Calculate the greatest common divisor of 90 and 765.
45
What is the greatest common factor of 320 and 60?
20
Calculate the highest common divisor of 273 and 78.
39
What is the greatest common divisor of 3978 and 156?
78
What is the greatest common divisor of 3423 and 21?
21
Calculate the highest common divisor of 30448 and 528.
176
Calculate the highest common divisor of 323 and 119.
17
What is the greatest common factor of 3006 and 18?
18
What is the greatest common divisor of 7512 and 56?
8
What is the highest common divisor of 78 and 286?
26
Calculate the highest common divisor of 1215 and 85.
5
What is the highest common divisor of 1320 and 9840?
120
Calculate the highest common divisor of 50 and 45.
5
Calculate the highest common divisor of 71 and 1846.
71
What is the greatest common divisor of 1715 and 5?
5
Calculate the highest common divisor of 30 and 670.
10
What is the greatest common factor of 21 and 273?
21
Calculate the highest common factor of 44 and 1056.
44
Calculate the greatest common divisor of 128 and 26176.
64
What is the greatest common factor of 15 and 10935?
15
Calculate the greatest common factor of 80 and 224.
16
What is the greatest common divisor of 5 and 1535?
5
What is the highest common factor of 8 and 18?
2
Calculate the highest common factor of 1140 and 40.
20
What is the greatest common divisor of 143 and 11?
11
What is the highest common divisor of 3 and 17151?
3
Calculate the highest common factor of 144 and 162.
18
Calculate the highest common factor of 779 and 123.
41
Calculate the greatest common divisor of 516 and 12.
12
Calculate the highest common divisor of 51 and 17.
17
What is the highest common factor of 1804 and 41?
41
Calculate the greatest common divisor of 196 and 5684.
196
What is the highest common divisor of 8 and 50?
2
What is the greatest common factor of 118 and 295?
59
Calculate the greatest common factor of 78 and 1326.
78
What is the greatest common factor of 8417 and 76?
19
Calculate the greatest common divisor of 714 and 70.
14
What is the highest common divisor of 1242 and 322?
46
Calculate the greatest common di